{"id":119,"date":"2014-09-27T23:05:56","date_gmt":"2014-09-27T23:05:56","guid":{"rendered":"http:\/\/batoncete.com\/archivofotografico\/?page_id=119"},"modified":"2014-10-15T23:30:42","modified_gmt":"2014-10-15T23:30:42","slug":"la-manga-antigua","status":"publish","type":"page","link":"http:\/\/archivofotograficodelamanga.com\/?page_id=119","title":{"rendered":"La Manga Antigua"},"content":{"rendered":"<p><a title=\"A\u00f1o 1968\" href=\"http:\/\/batoncete.com\/archivofotografico\/fotos\/la-manga-antigua\/1968-2\/\"><strong>. A\u00f1o 1968.<\/strong><\/a><\/p>\n<p><a title=\"A\u00f1o 1969\" href=\"http:\/\/batoncete.com\/archivofotografico\/fotos\/la-manga-antigua\/1969-2\/\"><strong>. A\u00f1o 1969.<\/strong><\/a><\/p>\n<p><a title=\"A\u00f1o 1971\" href=\"http:\/\/batoncete.com\/archivofotografico\/fotos\/la-manga-antigua\/1971-2\/\"><strong>. A\u00f1o 1971.<\/strong><\/a><\/p>\n<p><a title=\"A\u00f1o 1972\" href=\"http:\/\/batoncete.com\/archivofotografico\/fotos\/la-manga-antigua\/1972-2\/\"><strong>. A\u00f1o 1972.<\/strong><\/a><\/p>\n<p><a title=\"A\u00f1o 1973\" href=\"http:\/\/batoncete.com\/archivofotografico\/fotos\/la-manga-antigua\/1973-2\/\"><strong>. A\u00f1o 1973.<\/strong><\/a><\/p>\n<p><a title=\"A\u00f1o 1974\" href=\"http:\/\/batoncete.com\/archivofotografico\/fotos\/la-manga-antigua\/1974-2\/\"><strong>. A\u00f1o 1974.<\/strong><\/a><\/p>\n<p><a title=\"A\u00f1o 1975\" href=\"http:\/\/batoncete.com\/archivofotografico\/fotos\/la-manga-antigua\/1975-2\/\"><strong>. A\u00f1o 1975.<\/strong><\/a><\/p>\n","protected":false},"excerpt":{"rendered":"<p>. A\u00f1o 1968. . A\u00f1o 1969. . A\u00f1o 1971. . A\u00f1o 1972. . A\u00f1o 1973. . A\u00f1o 1974. . A\u00f1o 1975.<\/p>\n","protected":false},"author":2,"featured_media":0,"parent":132,"menu_order":0,"comment_status":"closed","ping_status":"closed","template":"","meta":{"_mi_skip_tracking":false},"yoast_head":"<!-- This site is optimized with the Yoast SEO plugin v19.10 - https:\/\/yoast.com\/wordpress\/plugins\/seo\/ -->\n<title>La Manga Antigua - Archivo Fotogr\u00e1fico La Manga del Mar Menor<\/title>\n<meta name=\"robots\" content=\"index, follow, max-snippet:-1, max-image-preview:large, max-video-preview:-1\" \/>\n<link rel=\"canonical\" href=\"https:\/\/archivofotograficodelamanga.com\/?page_id=119\" \/>\n<meta property=\"og:locale\" content=\"es_ES\" \/>\n<meta property=\"og:type\" content=\"article\" \/>\n<meta property=\"og:title\" content=\"La Manga Antigua - Archivo Fotogr\u00e1fico La Manga del Mar Menor\" \/>\n<meta property=\"og:description\" content=\". A\u00f1o 1968. . A\u00f1o 1969. . A\u00f1o 1971. . A\u00f1o 1972. . A\u00f1o 1973. . A\u00f1o 1974. . A\u00f1o 1975.\" \/>\n<meta property=\"og:url\" content=\"https:\/\/archivofotograficodelamanga.com\/?page_id=119\" \/>\n<meta property=\"og:site_name\" content=\"Archivo Fotogr\u00e1fico La Manga del Mar Menor\" \/>\n<meta property=\"article:modified_time\" content=\"2014-10-15T23:30:42+00:00\" \/>\n<script type=\"application\/ld+json\" class=\"yoast-schema-graph\">{\"@context\":\"https:\/\/schema.org\",\"@graph\":[{\"@type\":\"WebPage\",\"@id\":\"https:\/\/archivofotograficodelamanga.com\/?page_id=119\",\"url\":\"https:\/\/archivofotograficodelamanga.com\/?page_id=119\",\"name\":\"La Manga Antigua - Archivo Fotogr\u00e1fico La Manga del Mar Menor\",\"isPartOf\":{\"@id\":\"http:\/\/archivofotograficodelamanga.com\/#website\"},\"datePublished\":\"2014-09-27T23:05:56+00:00\",\"dateModified\":\"2014-10-15T23:30:42+00:00\",\"breadcrumb\":{\"@id\":\"https:\/\/archivofotograficodelamanga.com\/?page_id=119#breadcrumb\"},\"inLanguage\":\"es\",\"potentialAction\":[{\"@type\":\"ReadAction\",\"target\":[\"https:\/\/archivofotograficodelamanga.com\/?page_id=119\"]}]},{\"@type\":\"BreadcrumbList\",\"@id\":\"https:\/\/archivofotograficodelamanga.com\/?page_id=119#breadcrumb\",\"itemListElement\":[{\"@type\":\"ListItem\",\"position\":1,\"name\":\"Portada\",\"item\":\"http:\/\/archivofotograficodelamanga.com\/\"},{\"@type\":\"ListItem\",\"position\":2,\"name\":\"Fotos\",\"item\":\"https:\/\/archivofotograficodelamanga.com\/?page_id=132\"},{\"@type\":\"ListItem\",\"position\":3,\"name\":\"La Manga Antigua\"}]},{\"@type\":\"WebSite\",\"@id\":\"http:\/\/archivofotograficodelamanga.com\/#website\",\"url\":\"http:\/\/archivofotograficodelamanga.com\/\",\"name\":\"Archivo Fotogr\u00e1fico La Manga del Mar Menor\",\"description\":\"\",\"potentialAction\":[{\"@type\":\"SearchAction\",\"target\":{\"@type\":\"EntryPoint\",\"urlTemplate\":\"http:\/\/archivofotograficodelamanga.com\/?s={search_term_string}\"},\"query-input\":\"required name=search_term_string\"}],\"inLanguage\":\"es\"}]}<\/script>\n<!-- \/ Yoast SEO plugin. -->","yoast_head_json":{"title":"La Manga Antigua - Archivo Fotogr\u00e1fico La Manga del Mar Menor","robots":{"index":"index","follow":"follow","max-snippet":"max-snippet:-1","max-image-preview":"max-image-preview:large","max-video-preview":"max-video-preview:-1"},"canonical":"https:\/\/archivofotograficodelamanga.com\/?page_id=119","og_locale":"es_ES","og_type":"article","og_title":"La Manga Antigua - Archivo Fotogr\u00e1fico La Manga del Mar Menor","og_description":". A\u00f1o 1968. . A\u00f1o 1969. . A\u00f1o 1971. . A\u00f1o 1972. . A\u00f1o 1973. . A\u00f1o 1974. . A\u00f1o 1975.","og_url":"https:\/\/archivofotograficodelamanga.com\/?page_id=119","og_site_name":"Archivo Fotogr\u00e1fico La Manga del Mar Menor","article_modified_time":"2014-10-15T23:30:42+00:00","schema":{"@context":"https:\/\/schema.org","@graph":[{"@type":"WebPage","@id":"https:\/\/archivofotograficodelamanga.com\/?page_id=119","url":"https:\/\/archivofotograficodelamanga.com\/?page_id=119","name":"La Manga Antigua - Archivo Fotogr\u00e1fico La Manga del Mar Menor","isPartOf":{"@id":"http:\/\/archivofotograficodelamanga.com\/#website"},"datePublished":"2014-09-27T23:05:56+00:00","dateModified":"2014-10-15T23:30:42+00:00","breadcrumb":{"@id":"https:\/\/archivofotograficodelamanga.com\/?page_id=119#breadcrumb"},"inLanguage":"es","potentialAction":[{"@type":"ReadAction","target":["https:\/\/archivofotograficodelamanga.com\/?page_id=119"]}]},{"@type":"BreadcrumbList","@id":"https:\/\/archivofotograficodelamanga.com\/?page_id=119#breadcrumb","itemListElement":[{"@type":"ListItem","position":1,"name":"Portada","item":"http:\/\/archivofotograficodelamanga.com\/"},{"@type":"ListItem","position":2,"name":"Fotos","item":"https:\/\/archivofotograficodelamanga.com\/?page_id=132"},{"@type":"ListItem","position":3,"name":"La Manga Antigua"}]},{"@type":"WebSite","@id":"http:\/\/archivofotograficodelamanga.com\/#website","url":"http:\/\/archivofotograficodelamanga.com\/","name":"Archivo Fotogr\u00e1fico La Manga del Mar Menor","description":"","potentialAction":[{"@type":"SearchAction","target":{"@type":"EntryPoint","urlTemplate":"http:\/\/archivofotograficodelamanga.com\/?s={search_term_string}"},"query-input":"required name=search_term_string"}],"inLanguage":"es"}]}},"_links":{"self":[{"href":"http:\/\/archivofotograficodelamanga.com\/index.php?rest_route=\/wp\/v2\/pages\/119"}],"collection":[{"href":"http:\/\/archivofotograficodelamanga.com\/index.php?rest_route=\/wp\/v2\/pages"}],"about":[{"href":"http:\/\/archivofotograficodelamanga.com\/index.php?rest_route=\/wp\/v2\/types\/page"}],"author":[{"embeddable":true,"href":"http:\/\/archivofotograficodelamanga.com\/index.php?rest_route=\/wp\/v2\/users\/2"}],"replies":[{"embeddable":true,"href":"http:\/\/archivofotograficodelamanga.com\/index.php?rest_route=%2Fwp%2Fv2%2Fcomments&post=119"}],"version-history":[{"count":3,"href":"http:\/\/archivofotograficodelamanga.com\/index.php?rest_route=\/wp\/v2\/pages\/119\/revisions"}],"predecessor-version":[{"id":862,"href":"http:\/\/archivofotograficodelamanga.com\/index.php?rest_route=\/wp\/v2\/pages\/119\/revisions\/862"}],"up":[{"embeddable":true,"href":"http:\/\/archivofotograficodelamanga.com\/index.php?rest_route=\/wp\/v2\/pages\/132"}],"wp:attachment":[{"href":"http:\/\/archivofotograficodelamanga.com\/index.php?rest_route=%2Fwp%2Fv2%2Fmedia&parent=119"}],"curies":[{"name":"wp","href":"https:\/\/api.w.org\/{rel}","templated":true}]}}

<p><a title="Año 1968" href="http://batoncete.com/archivofotografico/fotos/la-manga-antigua/1968-2/"><strong>. Año 1968.</strong></a></p>
<p><a title="Año 1969" href="http://batoncete.com/archivofotografico/fotos/la-manga-antigua/1969-2/"><strong>. Año 1969.</strong></a></p>
<p><a title="Año 1971" href="http://batoncete.com/archivofotografico/fotos/la-manga-antigua/1971-2/"><strong>. Año 1971.</strong></a></p>
<p><a title="Año 1972" href="http://batoncete.com/archivofotografico/fotos/la-manga-antigua/1972-2/"><strong>. Año 1972.</strong></a></p>
<p><a title="Año 1973" href="http://batoncete.com/archivofotografico/fotos/la-manga-antigua/1973-2/"><strong>. Año 1973.</strong></a></p>
<p><a title="Año 1974" href="http://batoncete.com/archivofotografico/fotos/la-manga-antigua/1974-2/"><strong>. Año 1974.</strong></a></p>
<p><a title="Año 1975" href="http://batoncete.com/archivofotografico/fotos/la-manga-antigua/1975-2/"><strong>. Año 1975.</strong></a></p>

<p>. Año 1968. . Año 1969. . Año 1971. . Año 1972. . Año 1973. . Año 1974. . Año 1975.</p>

<!-- This site is optimized with the Yoast SEO plugin v19.10 - https://yoast.com/wordpress/plugins/seo/ -->
<title>La Manga Antigua - Archivo Fotográfico La Manga del Mar Menor</title>
<meta name="robots" content="index, follow, max-snippet:-1, max-image-preview:large, max-video-preview:-1" />
<link rel="canonical" href="https://archivofotograficodelamanga.com/?page_id=119" />
<meta property="og:locale" content="es_ES" />
<meta property="og:type" content="article" />
<meta property="og:title" content="La Manga Antigua - Archivo Fotográfico La Manga del Mar Menor" />
<meta property="og:description" content=". Año 1968. . Año 1969. . Año 1971. . Año 1972. . Año 1973. . Año 1974. . Año 1975." />
<meta property="og:url" content="https://archivofotograficodelamanga.com/?page_id=119" />
<meta property="og:site_name" content="Archivo Fotográfico La Manga del Mar Menor" />
<meta property="article:modified_time" content="2014-10-15T23:30:42+00:00" />
<script type="application/ld+json" class="yoast-schema-graph">{"@context":"https://schema.org","@graph":[{"@type":"WebPage","@id":"https://archivofotograficodelamanga.com/?page_id=119","url":"https://archivofotograficodelamanga.com/?page_id=119","name":"La Manga Antigua - Archivo Fotográfico La Manga del Mar Menor","isPartOf":{"@id":"http://archivofotograficodelamanga.com/#website"},"datePublished":"2014-09-27T23:05:56+00:00","dateModified":"2014-10-15T23:30:42+00:00","breadcrumb":{"@id":"https://archivofotograficodelamanga.com/?page_id=119#breadcrumb"},"inLanguage":"es","potentialAction":[{"@type":"ReadAction","target":["https://archivofotograficodelamanga.com/?page_id=119"]}]},{"@type":"BreadcrumbList","@id":"https://archivofotograficodelamanga.com/?page_id=119#breadcrumb","itemListElement":[{"@type":"ListItem","position":1,"name":"Portada","item":"http://archivofotograficodelamanga.com/"},{"@type":"ListItem","position":2,"name":"Fotos","item":"https://archivofotograficodelamanga.com/?page_id=132"},{"@type":"ListItem","position":3,"name":"La Manga Antigua"}]},{"@type":"WebSite","@id":"http://archivofotograficodelamanga.com/#website","url":"http://archivofotograficodelamanga.com/","name":"Archivo Fotográfico La Manga del Mar Menor","description":"","potentialAction":[{"@type":"SearchAction","target":{"@type":"EntryPoint","urlTemplate":"http://archivofotograficodelamanga.com/?s={search_term_string}"},"query-input":"required name=search_term_string"}],"inLanguage":"es"}]}</script>
<!-- / Yoast SEO plugin. -->

La Manga Antigua - Archivo Fotográfico La Manga del Mar Menor

. Año 1968. . Año 1969. . Año 1971. . Año 1972. . Año 1973. . Año 1974. . Año 1975.

Archivo Fotográfico La Manga del Mar Menor
